{"id":417,"date":"2025-09-11T09:33:14","date_gmt":"2025-09-11T07:33:14","guid":{"rendered":"https:\/\/www.unisphere-formation.fr\/?page_id=417"},"modified":"2025-09-16T15:57:40","modified_gmt":"2025-09-16T13:57:40","slug":"sensibilisation","status":"publish","type":"page","link":"https:\/\/www.unisphere-formation.fr\/index.php\/sensibilisation\/","title":{"rendered":"Sensibilisation"},"content":{"rendered":"\t\t<div data-elementor-type=\"wp-page\" data-elementor-id=\"417\" class=\"elementor elementor-417\" data-elementor-post-type=\"page\">\n\t\t\t\t<div class=\"elementor-element elementor-element-977fddc e-flex e-con-boxed e-con e-parent\" data-id=\"977fddc\" data-element_type=\"container\" data-settings=\"{&quot;background_background&quot;:&quot;slideshow&quot;,&quot;background_slideshow_gallery&quot;:[{&quot;id&quot;:336,&quot;url&quot;:&quot;http:\\\/\\\/www.unisphere-formation.fr\\\/wp-content\\\/uploads\\\/2025\\\/05\\\/IMG_1548-3-scaled.jpg&quot;}],&quot;background_slideshow_loop&quot;:&quot;yes&quot;,&quot;background_slideshow_slide_duration&quot;:5000,&quot;background_slideshow_slide_transition&quot;:&quot;fade&quot;,&quot;background_slideshow_transition_duration&quot;:500}\">\n\t\t\t\t\t<div class=\"e-con-inner\">\n\t\t\t\t<div class=\"elementor-element elementor-element-5e0ee60 elementor-widget elementor-widget-heading\" data-id=\"5e0ee60\" data-element_type=\"widget\" data-widget_type=\"heading.default\">\n\t\t\t\t<div class=\"elementor-widget-container\">\n\t\t\t\t\t<h2 class=\"elementor-heading-title elementor-size-default\">Senbilisation<\/h2>\t\t\t\t<\/div>\n\t\t\t\t<\/div>\n\t\t\t\t<div class=\"elementor-element elementor-element-f8c4937 elementor-widget elementor-widget-text-editor\" data-id=\"f8c4937\" data-element_type=\"widget\" data-widget_type=\"text-editor.default\">\n\t\t\t\t<div class=\"elementor-widget-container\">\n\t\t\t\t\t\t\t\t\t<p>La sensibilisation permet de transformer la prise de conscience en actions concr\u00e8tes au service de la pr\u00e9vention. \u00bb<\/p>\t\t\t\t\t\t\t\t<\/div>\n\t\t\t\t<\/div>\n\t\t\t\t<div class=\"elementor-element elementor-element-e7b3443 elementor-widget elementor-widget-button\" data-id=\"e7b3443\" data-element_type=\"widget\" data-widget_type=\"button.default\">\n\t\t\t\t<div class=\"elementor-widget-container\">\n\t\t\t\t\t\t\t\t\t<div class=\"elementor-button-wrapper\">\n\t\t\t\t\t<a class=\"elementor-button elementor-button-link elementor-size-sm\" href=\"#contact\">\n\t\t\t\t\t\t<span class=\"elementor-button-content-wrapper\">\n\t\t\t\t\t\t<span class=\"elementor-button-icon\">\n\t\t\t\t<svg aria-hidden=\"true\" class=\"e-font-icon-svg e-fas-arrow-right\" viewBox=\"0 0 448 512\" xmlns=\"http:\/\/www.w3.org\/2000\/svg\"><path d=\"M190.5 66.9l22.2-22.2c9.4-9.4 24.6-9.4 33.9 0L441 239c9.4 9.4 9.4 24.6 0 33.9L246.6 467.3c-9.4 9.4-24.6 9.4-33.9 0l-22.2-22.2c-9.5-9.5-9.3-25 .4-34.3L311.4 296H24c-13.3 0-24-10.7-24-24v-32c0-13.3 10.7-24 24-24h287.4L190.9 101.2c-9.8-9.3-10-24.8-.4-34.3z\"><\/path><\/svg>\t\t\t<\/span>\n\t\t\t\t\t\t\t\t\t<span class=\"elementor-button-text\">Contact<\/span>\n\t\t\t\t\t<\/span>\n\t\t\t\t\t<\/a>\n\t\t\t\t<\/div>\n\t\t\t\t\t\t\t\t<\/div>\n\t\t\t\t<\/div>\n\t\t\t\t\t<\/div>\n\t\t\t\t<\/div>\n\t\t<div class=\"elementor-element elementor-element-7d15413 e-flex e-con-boxed e-con e-parent\" data-id=\"7d15413\" data-element_type=\"container\" data-settings=\"{&quot;background_background&quot;:&quot;classic&quot;}\">\n\t\t\t\t\t<div class=\"e-con-inner\">\n\t\t<div class=\"elementor-element elementor-element-1b4f3e2 e-con-full e-flex e-con e-child\" data-id=\"1b4f3e2\" data-element_type=\"container\">\n\t\t\t\t<div class=\"elementor-element elementor-element-cad4fb7 elementor-widget elementor-widget-heading\" data-id=\"cad4fb7\" data-element_type=\"widget\" data-widget_type=\"heading.default\">\n\t\t\t\t<div class=\"elementor-widget-container\">\n\t\t\t\t\t<h2 class=\"elementor-heading-title elementor-size-default\">Pourquoi mettre en place des actions de sensibilisation ?<\/h2>\t\t\t\t<\/div>\n\t\t\t\t<\/div>\n\t\t\t\t<div class=\"elementor-element elementor-element-7c055cf elementor-widget elementor-widget-text-editor\" data-id=\"7c055cf\" data-element_type=\"widget\" data-widget_type=\"text-editor.default\">\n\t\t\t\t<div class=\"elementor-widget-container\">\n\t\t\t\t\t\t\t\t\t<p><strong><span style=\"font-size: 1rem;\">La sensibilisation n\u2019est pas qu\u2019une obligation r\u00e9glementaire : c\u2019est un levier puissant pour instaurer un climat de confiance, d\u2019\u00e9galit\u00e9 et de respect.<\/span><\/strong><\/p><ul data-start=\"955\" data-end=\"1196\"><li data-start=\"955\" data-end=\"1048\"><p data-start=\"957\" data-end=\"1048\">Favoriser une meilleure compr\u00e9hension des enjeux li\u00e9s aux violences sexistes et sexuelles, aux harc\u00e8lements et \u00e0 l&rsquo;\u00e9galit\u00e9<\/p><\/li><li data-start=\"1049\" data-end=\"1092\"><p data-start=\"1051\" data-end=\"1092\">Briser le silence et ouvrir le dialogue<\/p><\/li><li data-start=\"1093\" data-end=\"1152\"><p data-start=\"1095\" data-end=\"1152\">Responsabiliser chaque personne, quel que soit son r\u00f4le<\/p><\/li><li data-start=\"1153\" data-end=\"1196\"><p data-start=\"1155\" data-end=\"1196\">Cr\u00e9er une culture commune de pr\u00e9vention<\/p><\/li><\/ul>\t\t\t\t\t\t\t\t<\/div>\n\t\t\t\t<\/div>\n\t\t\t\t<\/div>\n\t\t<div class=\"elementor-element elementor-element-48caa45 e-con-full e-flex e-con e-child\" data-id=\"48caa45\" data-element_type=\"container\">\n\t\t\t\t<div class=\"elementor-element elementor-element-692916b elementor-widget elementor-widget-image\" data-id=\"692916b\" data-element_type=\"widget\" data-widget_type=\"image.default\">\n\t\t\t\t<div class=\"elementor-widget-container\">\n\t\t\t\t\t\t\t\t\t\t\t\t\t\t\t<img fetchpriority=\"high\" decoding=\"async\" width=\"724\" height=\"1024\" src=\"https:\/\/www.unisphere-formation.fr\/wp-content\/uploads\/2025\/09\/Design-sans-titre-2-724x1024.png\" class=\"attachment-large size-large wp-image-432\" alt=\"\" srcset=\"https:\/\/www.unisphere-formation.fr\/wp-content\/uploads\/2025\/09\/Design-sans-titre-2-724x1024.png 724w, https:\/\/www.unisphere-formation.fr\/wp-content\/uploads\/2025\/09\/Design-sans-titre-2-212x300.png 212w, https:\/\/www.unisphere-formation.fr\/wp-content\/uploads\/2025\/09\/Design-sans-titre-2-768x1086.png 768w, https:\/\/www.unisphere-formation.fr\/wp-content\/uploads\/2025\/09\/Design-sans-titre-2-1086x1536.png 1086w, https:\/\/www.unisphere-formation.fr\/wp-content\/uploads\/2025\/09\/Design-sans-titre-2-1448x2048.png 1448w, https:\/\/www.unisphere-formation.fr\/wp-content\/uploads\/2025\/09\/Design-sans-titre-2.png 1587w\" sizes=\"(max-width: 724px) 100vw, 724px\" \/>\t\t\t\t\t\t\t\t\t\t\t\t\t\t\t<\/div>\n\t\t\t\t<\/div>\n\t\t\t\t<\/div>\n\t\t<div class=\"elementor-element elementor-element-9ff8739 e-con-full e-flex e-con e-child\" data-id=\"9ff8739\" data-element_type=\"container\">\n\t\t\t\t<div class=\"elementor-element elementor-element-b6ab70a elementor-widget elementor-widget-image\" data-id=\"b6ab70a\" data-element_type=\"widget\" data-widget_type=\"image.default\">\n\t\t\t\t<div class=\"elementor-widget-container\">\n\t\t\t\t\t\t\t\t\t\t\t\t\t\t\t<img decoding=\"async\" src=\"https:\/\/www.unisphere-formation.fr\/wp-content\/plugins\/elementor\/assets\/images\/placeholder.png\" title=\"\" alt=\"\" loading=\"lazy\" \/>\t\t\t\t\t\t\t\t\t\t\t\t\t\t\t<\/div>\n\t\t\t\t<\/div>\n\t\t\t\t<\/div>\n\t\t<div class=\"elementor-element elementor-element-97cb848 e-con-full e-flex e-con e-child\" data-id=\"97cb848\" data-element_type=\"container\">\n\t\t\t\t<div class=\"elementor-element elementor-element-8117c1d elementor-widget elementor-widget-heading\" data-id=\"8117c1d\" data-element_type=\"widget\" data-widget_type=\"heading.default\">\n\t\t\t\t<div class=\"elementor-widget-container\">\n\t\t\t\t\t<h2 class=\"elementor-heading-title elementor-size-default\">Nos approches<\/h2>\t\t\t\t<\/div>\n\t\t\t\t<\/div>\n\t\t\t\t<div class=\"elementor-element elementor-element-f9603ee elementor-widget elementor-widget-text-editor\" data-id=\"f9603ee\" data-element_type=\"widget\" data-widget_type=\"text-editor.default\">\n\t\t\t\t<div class=\"elementor-widget-container\">\n\t\t\t\t\t\t\t\t\t<p data-start=\"1242\" data-end=\"1326\">Nous adaptons nos interventions aux r\u00e9alit\u00e9s de vos structures et de vos publics :<\/p><ul data-start=\"1327\" data-end=\"1534\"><li data-start=\"1327\" data-end=\"1426\"><p data-start=\"1329\" data-end=\"1426\"><strong data-start=\"1329\" data-end=\"1344\">Entreprises et associations<\/strong> : ateliers interactifs pour salari\u00e9(e)s, r\u00e9f\u00e9rent(e)s CSE, managers et directions<\/p><\/li><li data-start=\"1427\" data-end=\"1534\"><p data-start=\"1429\" data-end=\"1534\"><strong data-start=\"1429\" data-end=\"1460\">\u00c9tablissements du sup\u00e9rieur et laboratoires de recherche<\/strong> : sessions adapt\u00e9es \u00e0 la communaut\u00e9 \u00e9tudiante, les \u00e9tudiants relais sant\u00e9, les \u00e9quipes p\u00e9dagogiques, administratives et techniques.<\/p><\/li><\/ul><p data-start=\"1536\" data-end=\"1770\">Notre m\u00e9thode combine :<br data-start=\"1559\" data-end=\"1562\" \/><img decoding=\"async\" class=\"emoji\" role=\"img\" draggable=\"false\" src=\"https:\/\/s.w.org\/images\/core\/emoji\/16.0.1\/svg\/2714.svg\" alt=\"\u2714\ufe0f\" \/> <strong data-start=\"1565\" data-end=\"1589\">Expertise de terrain<\/strong> (juridique, psychosociale, \u00e9ducative)<br data-start=\"1627\" data-end=\"1630\" \/><img decoding=\"async\" class=\"emoji\" role=\"img\" draggable=\"false\" src=\"https:\/\/s.w.org\/images\/core\/emoji\/16.0.1\/svg\/2714.svg\" alt=\"\u2714\ufe0f\" \/> <strong data-start=\"1633\" data-end=\"1660\">P\u00e9dagogie participative<\/strong> (\u00e9tudes de cas, mises en situation, \u00e9changes)<br data-start=\"1706\" data-end=\"1709\" \/><img decoding=\"async\" class=\"emoji\" role=\"img\" draggable=\"false\" src=\"https:\/\/s.w.org\/images\/core\/emoji\/16.0.1\/svg\/2714.svg\" alt=\"\u2714\ufe0f\" \/> <strong data-start=\"1712\" data-end=\"1731\">Outils concrets<\/strong> pour r\u00e9agir et pr\u00e9venir efficacement<\/p>\t\t\t\t\t\t\t\t<\/div>\n\t\t\t\t<\/div>\n\t\t\t\t<\/div>\n\t\t<div class=\"elementor-element elementor-element-0419daa e-con-full e-flex e-con e-child\" data-id=\"0419daa\" data-element_type=\"container\">\n\t\t\t\t<div class=\"elementor-element elementor-element-8ee68c9 elementor-widget elementor-widget-heading\" data-id=\"8ee68c9\" data-element_type=\"widget\" data-widget_type=\"heading.default\">\n\t\t\t\t<div class=\"elementor-widget-container\">\n\t\t\t\t\t<h2 class=\"elementor-heading-title elementor-size-default\">Les b\u00e9n\u00e9fices pour votre organisation<\/h2>\t\t\t\t<\/div>\n\t\t\t\t<\/div>\n\t\t\t\t<div class=\"elementor-element elementor-element-cc4fd5c elementor-widget elementor-widget-text-editor\" data-id=\"cc4fd5c\" data-element_type=\"widget\" data-widget_type=\"text-editor.default\">\n\t\t\t\t<div class=\"elementor-widget-container\">\n\t\t\t\t\t\t\t\t\t<ul><li data-start=\"2155\" data-end=\"2228\"><p data-start=\"2157\" data-end=\"2228\"><strong>Une meilleure compr\u00e9hension<\/strong> des obligations l\u00e9gales et r\u00e9glementaires<\/p><\/li><li data-start=\"2229\" data-end=\"2274\"><p data-start=\"2231\" data-end=\"2274\">Des \u00e9quipes et une communaut\u00e9 \u00e9tudiante <strong>plus sereines et responsables<\/strong><\/p><\/li><li data-start=\"2275\" data-end=\"2334\"><p data-start=\"2277\" data-end=\"2334\">Un climat de travail ou d\u2019\u00e9tude <strong>respectueux et inclusif<\/strong><\/p><\/li><li data-start=\"2335\" data-end=\"2389\"><p data-start=\"2337\" data-end=\"2389\">Une <strong>image positive et engag\u00e9e<\/strong> pour votre structure<\/p><\/li><\/ul>\t\t\t\t\t\t\t\t<\/div>\n\t\t\t\t<\/div>\n\t\t\t\t<\/div>\n\t\t\t\t\t<\/div>\n\t\t\t\t<\/div>\n\t\t\t\t<\/div>\n\t\t","protected":false},"excerpt":{"rendered":"<p>Senbilisation La sensibilisation permet de transformer la prise de conscience en actions concr\u00e8tes au service de la pr\u00e9vention. \u00bb Contact Pourquoi mettre en place des actions de sensibilisation ? La sensibilisation n\u2019est pas qu\u2019une obligation r\u00e9glementaire : c\u2019est un levier puissant pour instaurer un climat de confiance, d\u2019\u00e9galit\u00e9 et de respect. Favoriser une meilleure compr\u00e9hension [&hellip;]<\/p>\n","protected":false},"author":1,"featured_media":0,"parent":0,"menu_order":0,"comment_status":"closed","ping_status":"closed","template":"","meta":{"footnotes":""},"class_list":["post-417","page","type-page","status-publish","hentry"],"yoast_head":"<!-- This site is optimized with the Yoast SEO plugin v25.0 - https:\/\/yoast.com\/wordpress\/plugins\/seo\/ -->\n<title>Sensibilisation - Unisph\u00e8re Formation<\/title>\n<meta name=\"robots\" content=\"index, follow, max-snippet:-1, max-image-preview:large, max-video-preview:-1\" \/>\n<link rel=\"canonical\" href=\"https:\/\/www.unisphere-formation.fr\/index.php\/sensibilisation\/\" \/>\n<meta property=\"og:locale\" content=\"fr_FR\" \/>\n<meta property=\"og:type\" content=\"article\" \/>\n<meta property=\"og:title\" content=\"Sensibilisation - Unisph\u00e8re Formation\" \/>\n<meta property=\"og:description\" content=\"Senbilisation La sensibilisation permet de transformer la prise de conscience en actions concr\u00e8tes au service de la pr\u00e9vention. \u00bb Contact Pourquoi mettre en place des actions de sensibilisation ? La sensibilisation n\u2019est pas qu\u2019une obligation r\u00e9glementaire : c\u2019est un levier puissant pour instaurer un climat de confiance, d\u2019\u00e9galit\u00e9 et de respect. Favoriser une meilleure compr\u00e9hension [&hellip;]\" \/>\n<meta property=\"og:url\" content=\"https:\/\/www.unisphere-formation.fr\/index.php\/sensibilisation\/\" \/>\n<meta property=\"og:site_name\" content=\"Unisph\u00e8re Formation\" \/>\n<meta property=\"article:modified_time\" content=\"2025-09-16T13:57:40+00:00\" \/>\n<meta property=\"og:image\" content=\"http:\/\/www.unisphere-formation.fr\/wp-content\/uploads\/2025\/09\/Design-sans-titre-2-724x1024.png\" \/>\n<meta name=\"twitter:card\" content=\"summary_large_image\" \/>\n<meta name=\"twitter:label1\" content=\"Dur\u00e9e de lecture estim\u00e9e\" \/>\n\t<meta name=\"twitter:data1\" content=\"3 minutes\" \/>\n<script type=\"application\/ld+json\" class=\"yoast-schema-graph\">{\"@context\":\"https:\/\/schema.org\",\"@graph\":[{\"@type\":\"WebPage\",\"@id\":\"https:\/\/www.unisphere-formation.fr\/index.php\/sensibilisation\/\",\"url\":\"https:\/\/www.unisphere-formation.fr\/index.php\/sensibilisation\/\",\"name\":\"Sensibilisation - Unisph\u00e8re Formation\",\"isPartOf\":{\"@id\":\"https:\/\/www.unisphere-formation.fr\/#website\"},\"primaryImageOfPage\":{\"@id\":\"https:\/\/www.unisphere-formation.fr\/index.php\/sensibilisation\/#primaryimage\"},\"image\":{\"@id\":\"https:\/\/www.unisphere-formation.fr\/index.php\/sensibilisation\/#primaryimage\"},\"thumbnailUrl\":\"http:\/\/www.unisphere-formation.fr\/wp-content\/uploads\/2025\/09\/Design-sans-titre-2-724x1024.png\",\"datePublished\":\"2025-09-11T07:33:14+00:00\",\"dateModified\":\"2025-09-16T13:57:40+00:00\",\"breadcrumb\":{\"@id\":\"https:\/\/www.unisphere-formation.fr\/index.php\/sensibilisation\/#breadcrumb\"},\"inLanguage\":\"fr-FR\",\"potentialAction\":[{\"@type\":\"ReadAction\",\"target\":[\"https:\/\/www.unisphere-formation.fr\/index.php\/sensibilisation\/\"]}]},{\"@type\":\"ImageObject\",\"inLanguage\":\"fr-FR\",\"@id\":\"https:\/\/www.unisphere-formation.fr\/index.php\/sensibilisation\/#primaryimage\",\"url\":\"https:\/\/www.unisphere-formation.fr\/wp-content\/uploads\/2025\/09\/Design-sans-titre-2.png\",\"contentUrl\":\"https:\/\/www.unisphere-formation.fr\/wp-content\/uploads\/2025\/09\/Design-sans-titre-2.png\",\"width\":1587,\"height\":2245},{\"@type\":\"BreadcrumbList\",\"@id\":\"https:\/\/www.unisphere-formation.fr\/index.php\/sensibilisation\/#breadcrumb\",\"itemListElement\":[{\"@type\":\"ListItem\",\"position\":1,\"name\":\"Accueil\",\"item\":\"https:\/\/www.unisphere-formation.fr\/\"},{\"@type\":\"ListItem\",\"position\":2,\"name\":\"Sensibilisation\"}]},{\"@type\":\"WebSite\",\"@id\":\"https:\/\/www.unisphere-formation.fr\/#website\",\"url\":\"https:\/\/www.unisphere-formation.fr\/\",\"name\":\"Unisph\u00e8re Formation\",\"description\":\"Refonder les liens, renforcer l&#039;\u00e9quit\u00e9.\",\"publisher\":{\"@id\":\"https:\/\/www.unisphere-formation.fr\/#organization\"},\"potentialAction\":[{\"@type\":\"SearchAction\",\"target\":{\"@type\":\"EntryPoint\",\"urlTemplate\":\"https:\/\/www.unisphere-formation.fr\/?s={search_term_string}\"},\"query-input\":{\"@type\":\"PropertyValueSpecification\",\"valueRequired\":true,\"valueName\":\"search_term_string\"}}],\"inLanguage\":\"fr-FR\"},{\"@type\":\"Organization\",\"@id\":\"https:\/\/www.unisphere-formation.fr\/#organization\",\"name\":\"Unisph\u00e8re Formation\",\"url\":\"https:\/\/www.unisphere-formation.fr\/\",\"logo\":{\"@type\":\"ImageObject\",\"inLanguage\":\"fr-FR\",\"@id\":\"https:\/\/www.unisphere-formation.fr\/#\/schema\/logo\/image\/\",\"url\":\"https:\/\/www.unisphere-formation.fr\/wp-content\/uploads\/2025\/05\/LOGO-Mauve.png\",\"contentUrl\":\"https:\/\/www.unisphere-formation.fr\/wp-content\/uploads\/2025\/05\/LOGO-Mauve.png\",\"width\":700,\"height\":200,\"caption\":\"Unisph\u00e8re Formation\"},\"image\":{\"@id\":\"https:\/\/www.unisphere-formation.fr\/#\/schema\/logo\/image\/\"}}]}<\/script>\n<!-- \/ Yoast SEO plugin. -->","yoast_head_json":{"title":"Sensibilisation - Unisph\u00e8re Formation","robots":{"index":"index","follow":"follow","max-snippet":"max-snippet:-1","max-image-preview":"max-image-preview:large","max-video-preview":"max-video-preview:-1"},"canonical":"https:\/\/www.unisphere-formation.fr\/index.php\/sensibilisation\/","og_locale":"fr_FR","og_type":"article","og_title":"Sensibilisation - Unisph\u00e8re Formation","og_description":"Senbilisation La sensibilisation permet de transformer la prise de conscience en actions concr\u00e8tes au service de la pr\u00e9vention. \u00bb Contact Pourquoi mettre en place des actions de sensibilisation ? La sensibilisation n\u2019est pas qu\u2019une obligation r\u00e9glementaire : c\u2019est un levier puissant pour instaurer un climat de confiance, d\u2019\u00e9galit\u00e9 et de respect. Favoriser une meilleure compr\u00e9hension [&hellip;]","og_url":"https:\/\/www.unisphere-formation.fr\/index.php\/sensibilisation\/","og_site_name":"Unisph\u00e8re Formation","article_modified_time":"2025-09-16T13:57:40+00:00","og_image":[{"url":"http:\/\/www.unisphere-formation.fr\/wp-content\/uploads\/2025\/09\/Design-sans-titre-2-724x1024.png","type":"","width":"","height":""}],"twitter_card":"summary_large_image","twitter_misc":{"Dur\u00e9e de lecture estim\u00e9e":"3 minutes"},"schema":{"@context":"https:\/\/schema.org","@graph":[{"@type":"WebPage","@id":"https:\/\/www.unisphere-formation.fr\/index.php\/sensibilisation\/","url":"https:\/\/www.unisphere-formation.fr\/index.php\/sensibilisation\/","name":"Sensibilisation - Unisph\u00e8re Formation","isPartOf":{"@id":"https:\/\/www.unisphere-formation.fr\/#website"},"primaryImageOfPage":{"@id":"https:\/\/www.unisphere-formation.fr\/index.php\/sensibilisation\/#primaryimage"},"image":{"@id":"https:\/\/www.unisphere-formation.fr\/index.php\/sensibilisation\/#primaryimage"},"thumbnailUrl":"http:\/\/www.unisphere-formation.fr\/wp-content\/uploads\/2025\/09\/Design-sans-titre-2-724x1024.png","datePublished":"2025-09-11T07:33:14+00:00","dateModified":"2025-09-16T13:57:40+00:00","breadcrumb":{"@id":"https:\/\/www.unisphere-formation.fr\/index.php\/sensibilisation\/#breadcrumb"},"inLanguage":"fr-FR","potentialAction":[{"@type":"ReadAction","target":["https:\/\/www.unisphere-formation.fr\/index.php\/sensibilisation\/"]}]},{"@type":"ImageObject","inLanguage":"fr-FR","@id":"https:\/\/www.unisphere-formation.fr\/index.php\/sensibilisation\/#primaryimage","url":"https:\/\/www.unisphere-formation.fr\/wp-content\/uploads\/2025\/09\/Design-sans-titre-2.png","contentUrl":"https:\/\/www.unisphere-formation.fr\/wp-content\/uploads\/2025\/09\/Design-sans-titre-2.png","width":1587,"height":2245},{"@type":"BreadcrumbList","@id":"https:\/\/www.unisphere-formation.fr\/index.php\/sensibilisation\/#breadcrumb","itemListElement":[{"@type":"ListItem","position":1,"name":"Accueil","item":"https:\/\/www.unisphere-formation.fr\/"},{"@type":"ListItem","position":2,"name":"Sensibilisation"}]},{"@type":"WebSite","@id":"https:\/\/www.unisphere-formation.fr\/#website","url":"https:\/\/www.unisphere-formation.fr\/","name":"Unisph\u00e8re Formation","description":"Refonder les liens, renforcer l&#039;\u00e9quit\u00e9.","publisher":{"@id":"https:\/\/www.unisphere-formation.fr\/#organization"},"potentialAction":[{"@type":"SearchAction","target":{"@type":"EntryPoint","urlTemplate":"https:\/\/www.unisphere-formation.fr\/?s={search_term_string}"},"query-input":{"@type":"PropertyValueSpecification","valueRequired":true,"valueName":"search_term_string"}}],"inLanguage":"fr-FR"},{"@type":"Organization","@id":"https:\/\/www.unisphere-formation.fr\/#organization","name":"Unisph\u00e8re Formation","url":"https:\/\/www.unisphere-formation.fr\/","logo":{"@type":"ImageObject","inLanguage":"fr-FR","@id":"https:\/\/www.unisphere-formation.fr\/#\/schema\/logo\/image\/","url":"https:\/\/www.unisphere-formation.fr\/wp-content\/uploads\/2025\/05\/LOGO-Mauve.png","contentUrl":"https:\/\/www.unisphere-formation.fr\/wp-content\/uploads\/2025\/05\/LOGO-Mauve.png","width":700,"height":200,"caption":"Unisph\u00e8re Formation"},"image":{"@id":"https:\/\/www.unisphere-formation.fr\/#\/schema\/logo\/image\/"}}]}},"jetpack_sharing_enabled":true,"_links":{"self":[{"href":"https:\/\/www.unisphere-formation.fr\/index.php\/wp-json\/wp\/v2\/pages\/417","targetHints":{"allow":["GET"]}}],"collection":[{"href":"https:\/\/www.unisphere-formation.fr\/index.php\/wp-json\/wp\/v2\/pages"}],"about":[{"href":"https:\/\/www.unisphere-formation.fr\/index.php\/wp-json\/wp\/v2\/types\/page"}],"author":[{"embeddable":true,"href":"https:\/\/www.unisphere-formation.fr\/index.php\/wp-json\/wp\/v2\/users\/1"}],"replies":[{"embeddable":true,"href":"https:\/\/www.unisphere-formation.fr\/index.php\/wp-json\/wp\/v2\/comments?post=417"}],"version-history":[{"count":7,"href":"https:\/\/www.unisphere-formation.fr\/index.php\/wp-json\/wp\/v2\/pages\/417\/revisions"}],"predecessor-version":[{"id":445,"href":"https:\/\/www.unisphere-formation.fr\/index.php\/wp-json\/wp\/v2\/pages\/417\/revisions\/445"}],"wp:attachment":[{"href":"https:\/\/www.unisphere-formation.fr\/index.php\/wp-json\/wp\/v2\/media?parent=417"}],"curies":[{"name":"wp","href":"https:\/\/api.w.org\/{rel}","templated":true}]}}